 - 142. What is the remainder when z(-6) is divided by 133?
121
Let f = -358 - -244. Let r = -67 - f. Calculate the remainder when r is divided by 86/4 - (0 + 7/(-2)).
22
Let z = 1469 + -1377. What is the remainder when 383 is divided by z?
15
Let p(r) = 22*r**2 - 13*r + 8. Suppose -31 = -5*w - f + 3*f, -4*w = -3*f - 29. What is the remainder when p(w) is divided by 62?
59
Let y be (-10)/(-4)*28/35. What is the remainder when -18*(-1 + y/(-6)) is divided by (-6)/(-20) + ((-12194)/(-140))/13?
3
Let s = -185 + 185. Suppose -12*h + 4*h + 224 = s. Calculate the remainder when 139 is divided by h.
27
Suppose -g + 4 = 3*j, 9*g = 11*g - 5*j - 96. Calculate the remainder when 145 is divided by g.
5
Suppose -2*k + 67*f - 72*f + 646 = 0, 1270 = 4*k - f. What is the remainder when k is divided by 55?
43
Suppose 5*v + 27 = 92. Let k = 8 + 12. Suppose 19*m - 15*m - 4*s - k = 0, 3*s - 9 = 0. Calculate the remainder when v is divided by m.
5
Suppose 3*m + 48 = r - 0*r, 0 = -2*r + 3*m + 93. Let k = 166 - r. What is the remainder when k is divided by 33?
22
Let t = -9 - -17. Calculate the remainder when ((-106)/(-2) + 11 - (-3 - 3)) + -7 is divided by t.
7
Let a = -29548 - -34205. Calculate the remainder when a is divided by 6.
1
Let r = -4683 + 4703. Calculate the remainder when 943 is divided by r.
3
Let t = -9801 + 10897. What is the remainder when t is divided by 334?
94
Suppose 0 = 2*w + 5*h - 10, 8 = 4*w + 3*h + h. Calculate the remainder when 57 is divided by ((-12)/10 - w)/((-7)/35).
3
Suppose -68*f - 12 = -74*f. Suppose -45 = -c - f*c + 3*q, -2*q + 10 = 0. Calculate the remainder when 1654/30 + 6/(-45) is divided by c.
15
Suppose -32*p + 10*p + 97660 = -147332. Calculate the remainder when p is divided by 301.
300
Suppose 2*o = -135*o + 137. Calculate the remainder when 257 is divided by o.
0
Let c = -1109 + 2286. Suppose 5*p + c = 3*q, -q - 128 = p - 515. What is the remainder when q is divided by 26?
25
Let k(n) = 2*n - 1. Let a(g) = -6*g + 5. Let l(s) = -4*a(s) - 11*k(s). What is the remainder when 42 is divided by l(17)?
17
Let i = -5518 + 5556. What is the remainder when 329 is divided by i?
25
Suppose 0 = -11*b - 16*b + 6*b + 19929. What is the remainder when b is divided by 30?
19
Let o(l) = -l**2 - 13*l + 3. Let x(i) = 18*i**2 + 67*i - 7. What is the remainder when o(-6) is divided by x(-4)?
6
Suppose 0 = 2*v + p - 1101, 0 = -2*v + 124*p - 114*p + 1024. Calculate the remainder when v is divided by 15.
7
Let z be (1 + -71)*(126/(-12) - 2). Suppose -14*v + z = 217. What is the remainder when 149 is divided by v?
8
Let s(l) be the first derivative of l**3/3 - 5*l**2 - 60*l + 3. Calculate the remainder when 155 is divided by s(16).
11
Let q = 392 - 349. What is the remainder when 293 is divided by q?
35
Suppose -22*d - 4*c - 512 = -26*d, 2*d - c = 263. What is the remainder when 553 is divided by d?
13
Let o(l) = -l**2 + 9*l + 72. Let x be o(14). Suppose c + x*u + u - 12 = 0, u = 5*c - 60. Calculate the remainder when 57 is divided by c.
9
Suppose -4*z - u + 24 = -3*z, 3*z + u - 74 = 0. Suppose -g - 7*h + 4*h = -702, 5*h + 2791 = 4*g. Let b = -608 + g. What is the remainder when b is divided by z?
16
Suppose -10 = -k + 3*y + 7, 5*k = -5*y + 105. What is the remainder when 1276 is divided by k?
16
Let m(l) = 6*l - 8. Let h be m(5). Suppose -f + 3 = -q - 3, 0 = 4*f - 5*q - h. Suppose 0 = -0*u - f*u + 488. What is the remainder when u is divided by 22?
17
Let u(n) = -n**3 - 21*n**2 + 42*n + 2. Suppose 5*t = 15 - 130. Calculate the remainder when u(t) is divided by 24.
22
Let j(m) = -101*m + 2*m**2 - 103*m + 5 + 197*m. What is the remainder when j(-5) is divided by 7?
6
Suppose 2*o + 402 = 5*x, 1427*x - 156 = 1425*x - 4*o. Calculate the remainder when 2084 is divided by x.
4
Suppose 0 = -8*m + 26*m - 684. Calculate the remainder when 332 is divided by m.
28
Let a = 335 - 235. Suppose -a = c - 3*c - 5*x, 0 = -2*c + x + 88. What is the remainder when 174 is divided by c?
39
Let z = -306 + 335. Calculate the remainder when 119 is divided by z.
3
Calculate the remainder when 1595 is divided by 43 + (-6 + 224/24)/(5/6).
44
Let u be 212*-1*(-3)/6. Suppose -2*z - 2*d = -u, z - 6*z = -4*d - 292. Let r = 53079 + -53057. Calculate the remainder when z is divided by r.
12
Let c(l) = 2*l**2 + 68*l - 34. Calculate the remainder when c(-43) is divided by 236.
32
Suppose 5*a - 158 + 325 = 757. What is the remainder when 584 is divided by a?
112
Let w(t) = -2*t + 68. Let q be w(24). Suppose -q*y = -38*y + 288. Calculate the remainder when 606 is divided by y.
14
Let u(y) = 2*y**3 - 10*y**2 + 72*y - 223. What is the remainder when 529 is divided by u(6)?
248
Suppose 4*z - 965 = -v, 4*v - 5*z = -0*v + 3797. Suppose -47*j + o - v = -51*j, -3*o = 3*j - 717. Calculate the remainder when j is divided by 60.
58
Let x(l) = -51*l - 4 + 47*l**3 + 97*l - 51*l - 2*l**2. Let p be x(-1). Calculate the remainder when 23 is divided by p/15*(-10)/4.
7
Suppose -7*j + 3366 = -239. Suppose -3*s - 127 = -o, -j = -4*o + 8*s - 3*s. Calculate the remainder when 17 is divided by o/15 - 3/(-9).
8
Suppose -295 = -4*d + n - 2*n, d + 4*n - 85 = 0. What is the remainder when d is divided by 4?
1
Let d be (-6)/(18*-2) + (-347)/(-6). What is the remainder when 121 is divided by ((-261)/d)/(6/(-28))?
16
Suppose 32*b - 3*w - 186 = 30*b, 5*b - 3*w = 483. Let z = 90 - -36. Let r = z - b. Calculate the remainder when r is divided by 7.
6
Calculate the remainder when (-2)/((32/(-24) - -2)/(-58)) is divided by 12.
6
Suppose -4*t + 134 + 147 = 5*f, -3*t + 208 = f. Suppose 24 = 4*v + 3*k, -k = -3*v + 29 + 2. What is the remainder when t is divided by (3 - v/(-6))*4?
15
Let q(t) = t**2 - 19*t - 14. Let o be q(-12). Let u = o + -195. Let h = u - 105. What is the remainder when h is divided by 5?
3
Let x be 4/(-6) - (88/6)/(-4). Suppose 0 = 4*q - x*w - 93, 4*q - 3*q - 15 = -2*w. What is the remainder when 75 is divided by q?
12
What is the remainder when 10 - -3*(-728)/(-12) is divided by 101?
91
Suppose f = -3*b - 30, 4*f = -b + 2*b + 23. Let j = b - -27. Calculate the remainder when 253 is divided by j.
13
Suppose 58 = -25*j + 26*j. Calculate the remainder when j is divided by 5544/99*(-4)/(-14).
10
Let b(q) = -4*q**2 + 41*q + 34. Let l(n) = 6*n**2 - 61*n - 51. Let m(i) = -7*b(i) - 5*l(i). Calculate the remainder when 50 is divided by m(9).
16
Suppose -296 + 1457 = 3*i. Let z(b) = -5*b**3 - 2*b**2 + 3*b + 4. What is the remainder when i is divided by z(-2)?
27
Let x(i) = -463*i**2 - 2853*i + 4. What is the remainder when x(-6) is divided by 28?
6
Suppose -3*w + 520 = 4*u, 36*u + 5*w - 147 = 35*u. Suppose -h = 4, -3*h = 3*o - h - u. What is the remainder when 258 is divided by o?
33
Let j(z) = 82*z - 435. Suppose -r = -4, -w + 38 = w + 4*r. What is the remainder when j(6) is divided by w?
2
Suppose 0 = 68*u - 46*u - 40260. What is the remainder when u is divided by 8?
6
Suppose -5011 - 36913 = -47*q. Calculate the remainder when q is divided by 183.
160
Let c(l) = -l**3 + 5*l**2 + 8*l. Suppose 0*k = k - 3*a - 26, 2*a = -10. Let u(j) = -19*j + 255. What is the remainder when u(k) is divided by c(6)?
10
Let h(r) = -7*r**2 - 4*r - 1. Let b be h(-1). Calculate the remainder when 70 is divided by ((-19)/5)/(b/(-4 - -24)).
13
Let l(m) = m + 13. Let c be l(14). Suppose -c = t - 42. What is the remainder when 29 is divided by t - 3 - -2 - 4?
9
Suppose -14 = -2*a + 2*z, 2*a = -a - 3*z + 45. Let w(b) = -b**3 + 10*b**2 + 14*b - 19. What is the remainder when w(a) is divided by 5/(-4)*-1*8?
4
Suppose 2*a - 15 = 5*n - 3*a, 4*n = -a + 8. Calculate the remainder when 23 is divided by n.
0
Suppose 31*r - 11 = 32*r - 3*l, r = 5*l - 25. Let k = 54 - -172. What is the remainder when k is divided by r?
6
Let i = 313 + -158. Let u = i + -152. What is the remainder when u is divided by 1?
0
Suppose -5*l - 2*h - 7 = 0, 19 = -h + 18. Calculate the remainder when 129 is divided by l - (-681)/15 - 2/5.
41
Let p be (-1)/((1/(-5))/(1065/25)). Calculate the remainder when 1/3 + (-214)/(-6) is divided by (-6)/(-5)*1775/p.
6
Let y = -4680 - -5075. Calculate the remainder when y is divided by 45.
35
Let s = -521 - -1702. Let x = 1802 - s. Calculate the remainder when x is divided by 39.
36
Suppose 0 = 1179*j - 1168*j - 528. What is the